hest common factor of 10261 and 62?
31
Calculate the greatest common factor of 55235 and 95.
5
Calculate the greatest common divisor of 1519 and 13888.
217
Calculate the greatest common divisor of 6296 and 316.
4
What is the greatest common divisor of 1335 and 4157724?
267
Calculate the greatest common divisor of 40 and 20170.
10
Calculate the greatest common divisor of 114114 and 7.
7
Calculate the greatest common divisor of 144950 and 1625.
325
What is the greatest common divisor of 59 and 757206?
59
What is the highest common divisor of 153406 and 19?
19
Calculate the highest common factor of 443 and 11075.
443
Calculate the highest common factor of 885 and 230749.
59
What is the highest common factor of 7312 and 400?
16
Calculate the greatest common divisor of 140 and 1639190.
70
Calculate the highest common divisor of 590193 and 135.
27
What is the highest common divisor of 6633 and 264?
33
What is the highest common factor of 8002342 and 1262?
1262
What is the greatest common divisor of 402 and 81807?
201
Calculate the greatest common factor of 182004 and 24.
12
What is the highest common factor of 160305 and 60?
15
What is the greatest common divisor of 18 and 38877?
3
Calculate the greatest common factor of 12297 and 3.
3
What is the highest common factor of 3808 and 1568?
224
Calculate the highest common factor of 75 and 329370.
15
What is the greatest common factor of 298420 and 688?
172
What is the greatest common factor of 2620 and 74015?
655
What is the highest common factor of 113239 and 196?
49
What is the greatest common divisor of 150 and 37125?
75
What is the greatest common factor of 6029200 and 40?
40
Calculate the greatest common factor of 95 and 28728.
19
What is the highest common divisor of 676541 and 9512?
1189
What is the highest common factor of 6505 and 802717?
1301
What is the greatest common divisor of 22603 and 35?
7
What is the greatest common divisor of 1526 and 19729?
109
What is the highest common factor of 770 and 2540020?
70
Calculate the greatest common factor of 14417 and 104.
13
What is the highest common factor of 3045 and 4515?
105
What is the highest common factor of 708 and 92?
4
Calculate the greatest common divisor of 28085 and 10.
5
Calculate the highest common factor of 2192828 and 11.
11
Calculate the highest common divisor of 64459 and 146.
73
Calculate the greatest common factor of 1230 and 6355.
205
Calculate the highest common divisor of 1647 and 79727.
61
Calculate the greatest common divisor of 1456 and 440048.
112
What is the highest common divisor of 5896 and 194?
2
What is the highest common factor of 8596 and 1526?
14
What is the highest common divisor of 163 and 414509?
163
Calculate the greatest common factor of 48134 and 697.
41
Calculate the greatest common divisor of 144617 and 33.
11
What is the greatest common factor of 31240 and 10560?
440
Calculate the highest common factor of 427 and 3661.
7
Calculate the highest common factor of 169 and 58253.
13
Calculate the greatest common divisor of 10494020 and 5.
5
Calculate the greatest common factor of 1104036 and 30.
6
What is the greatest common factor of 21 and 6626928?
21
Calculate the greatest common factor of 3 and 51293.
1
What is the highest common divisor of 48 and 1347888?
48
What is the greatest common factor of 69 and 2977971?
69
What is the greatest common factor of 1215 and 39555?
135
Calculate the highest common divisor of 339 and 369.
3
Calculate the greatest common divisor of 24 and 13648.
8
What is the greatest common divisor of 42294 and 570?
114
What is the highest common factor of 37563 and 5377?
19
Calculate the highest common factor of 441 and 452564.
49
What is the greatest common factor of 344850 and 55?
55
What is the greatest common factor of 441 and 396?
9
What is the highest common divisor of 1360321 and 94?
47
Calculate the highest common factor of 27590 and 558.
62
What is the greatest common divisor of 1843 and 760?
19
What is the greatest common divisor of 345 and 106329?
69
Calculate the greatest common factor of 15600 and 819.
39
What is the highest common factor of 50 and 30670?
10
What is the highest common divisor of 132 and 228?
12
Calculate the highest common divisor of 10982170 and 170.
170
What is the highest common divisor of 340146 and 54?
54
Calculate the highest common factor of 284 and 151443.
71
Calculate the highest common factor of 784 and 10262.
14
What is the greatest common divisor of 256 and 2680384?
64
Calculate the highest common divisor of 3556 and 476.
28
What is the greatest common divisor of 63050 and 1010?
10
Calculate the greatest common divisor of 83005 and 195.
65
What is the greatest common factor of 392 and 39200?
392
What is the highest common factor of 540 and 21195?
135
Calculate the greatest common divisor of 20 and 66130.
10
Calculate the greatest common factor of 46656 and 1368.
72
What is the greatest common divisor of 68887 and 3731?
91
Calculate the greatest common factor of 77004 and 8928.
1116
What is the greatest common divisor of 34086 and 4416?
138
Calculate the greatest common divisor of 426 and 9745389.
213
Calculate the greatest common divisor of 5 and 3595.
5
What is the greatest common divisor of 167274 and 18?
18
What is the greatest common divisor of 118 and 60416?
118
What is the greatest common divisor of 155 and 1891?
31
Calculate the highest common divisor of 42940 and 1805.
95
Calculate the greatest common factor of 395 and 1659395.
395
What is the greatest common factor of 273 and 258843?
39
Calculate the greatest common divisor of 795325 and 1450.
725
What is the highest common divisor of 827484 and 96?
12
Calculate the highest common factor of 1735489 and 287.
287
What is the greatest common divisor of 165 and 23375?
55
What is the greatest common divisor of 26452 and 136?
68
Calculate the greatest common factor of 2730 and 14.
14
What is the highest common divisor of 26333 and 34?
17
What is the greatest common factor of 888701 and 15224?
1903
What is the greatest common divisor of 1 and 164692?
1
What is the greatest common factor of 34196 and 4841?
103
Calculate the highest common divisor of 1858 and 34.
2
What is the greatest common factor of 1024 and 18584?
8
Calculate the greatest common factor of 349979 and 119.
119
Calculate the highest common divisor of 406 and 2816016.
406
What is the highest common factor of 1480838 and 246?
82
Calculate the highest common divisor of 4101229 and 11.
11
What is the greatest common divisor of 2492270 and 2780?
1390
What is the highest common factor of 33 and 6798?
33
What is the greatest common divisor of 361559 and 22?
11
What is the highest common divisor of 7 and 77621?
1
What is the highest common factor of 39495 and 15?
15
What is the greatest common divisor of 298 and 2067673?
149
What is the greatest common factor of 65 and 776945?
65
Calculate the highest common factor of 9581 and 91.
13
What is the greatest common divisor of 427 and 292129?
61
Calculate the highest common divisor of 439614 and 1512.
378
Calculate the highest common divisor of 4860 and 9990.
270
What is the greatest common divisor of 18263 and 112?
7
What is the greatest common divisor of 4510 and 36531?
451
Calculate the highest common divisor of 2313 and 144.
9
What is the greatest common factor of 249969 and 1455?
291
What is the highest common factor of 56494 and 10818?
1202
Calculate the greatest common divisor of 94384 and 272.
272
Calculate the highest common factor of 6096370 and 170.
170
What is the greatest common divisor of 712 and 5088?
8
What is the highest common factor of 25637 and 992?
31
Calculate the highest common factor of 66462 and 124762.
1166
Calculate the greatest common divisor of 9 and 120591.
9
What is the greatest common divisor of 39503 and 7?
1
What is the highest common divisor of 1442 and 7532?
14
Calculate the highest common divisor of 68 and 485.
1
Calculate the greatest common factor of 507 and 12519.
39
Calculate the greatest common factor of 8509 and 7112.
127
Calculate the greatest common divisor of 490 and 1939.
7
What is the highest common divisor of 4123 and 32471?
19
Calculate the greatest common divisor of 80937 and 6256.
391
What is the greatest common divisor of 49 and 87136